17 = 6*w, 2*w = -5*l + 1686. What are the prime factors of w?
7, 17
Let g(u) = -10*u + 309. Let f be g(27). What are the prime factors of (112/(-6))/((-1)/f)?
2, 7, 13
Let r(b) = -b**3 + 9*b**2 - 8*b + 5. Let t be r(8). Suppose 0 = -t*u, 4*z + 4*u - 1 - 19 = 0. List the prime factors of 215 - (4 - 14)/z.
7, 31
Suppose 0 = -2*v + 5*g + 24394, 4*v - 5*g - 48528 - 240 = 0. List the prime factors of v.
7, 1741
Suppose o + 10 = 3*c - o, -14 = -2*c + 5*o. Suppose f - 306 = 2*l + c*l, 1180 = 4*f - 5*l. List the prime factors of f.
2, 5, 29
Suppose 0 = -23*r + 16*r + 28. Let a be 1662/(2 + r) + -1. Suppose -3*k - k = 4*l - 208, 5*l = 3*k + a. List the prime factors of l.
2, 3
Suppose 489056 = -31553*f + 31572*f - 34964. What are the prime factors of f?
2, 5, 7, 197
Let p = -453 + 474. List the prime factors of (5950/p - 10)*(-3)/(-1).
2, 5, 41
Let q(b) = 269*b + 541. List the prime factors of q(10).
3, 359
Suppose -3*n - 14 = -6*n - v, n - 1 = -4*v. Let b(h) = 65*h - 8. List the prime factors of b(n).
317
Let s be (1 - 22/16) + (-187056)/(-128). Suppose -37*b = -34*b - s. What are the prime factors of b?
487
Let m(k) = -2520*k - 3501. What are the prime factors of m(-5)?
3, 337
Suppose 4*y + 5*g - 28262 = 0, 2*y + y - 3*g - 21237 = 0. List the prime factors of y.
11, 643
Let l = -120 - -353. Suppose 340 = 3*q - l. List the prime factors of q.
191
Let x(h) = h**3 + 24*h**2 + 58*h - 11. Suppose 5*l + 60 = -2*q, -l + 10 = -0*q - 4*q. What are the prime factors of x(l)?
809
Let x(r) = 2*r**2 + 16*r - 12. Let d be x(-9). Suppose d*l = l + 15. What are the prime factors of ((2 - l)*1)/(1/(-129))?
3, 43
List the prime factors of (-2*2 - -22*7208/48)*3.
19, 521
Let l(b) be the third derivative of b**7/140 + 17*b**6/360 - b**5/15 - 34*b**2. Let m(n) be the third derivative of l(n). What are the prime factors of m(5)?
2, 107
Let x(g) = 28*g + 10. Suppose -90 = -2*v - v. Let j = v + -28. What are the prime factors of x(j)?
2, 3, 11
Let d = -255 - 56. Let f = 583 - d. What are the prime factors of f?
2, 3, 149
Suppose -10*v = 2*v - 72. Let y(x) = x - 14. Let p be y(v). Let c(g) = 2*g**2 - 13*g - 9. List the prime factors of c(p).
223
Suppose -2*r - m + 80519 = 0, -701*r - 4*m + 201293 = -696*r. What are the prime factors of r?
13, 19, 163
Let f = 11 - 7. Suppose 5*p - 4*x = 2*p - 4, f*x = -2*p - 36. What are the prime factors of ((-954)/24)/(((-9)/p)/(-3))?
2, 53
Suppose 0 = 4*s - 320*p + 319*p - 27936, -2*s + 4*p + 13968 = 0. List the prime factors of s.
2, 3, 97
Let j be -21 + -5 - (-3)/(-7 + 6). Let c(l) = 18*l**2 + 2*l. Let v be c(-2). Let k = j + v. List the prime factors of k.
3, 13
Suppose -13*c + 18*c + 5 = 0. Let d be (-2)/(0 + c)*(0 + 32). Let i = -48 + d. What are the prime factors of i?
2
Suppose -162*t + 941821 + 1575299 = -18*t. What are the prime factors of t?
2, 5, 19, 23
Let u = 2290 - -6799. List the prime factors of u.
61, 149
Let u(g) = 2*g**2 - 31*g - 13. Let y be u(8). Let r = y - -277. What are the prime factors of r?
2, 3
What are the prime factors of 16419 + -2 + -2 + -73 + 71?
3, 5471
Suppose 83*z = 377952 - 161443 + 442345. What are the prime factors of z?
2, 3, 7
Suppose -3*y = 74*x - 71*x - 7839, 0 = -3*x + 2*y + 7839. List the prime factors of x.
3, 13, 67
Let t(k) = k**3 + 9*k**2 + 3*k + 2. Let b be t(-8). Let s = -55 + b. Let x(z) = -4*z + 25. List the prime factors of x(s).
7, 11
Let l = 136341 - 65576. What are the prime factors of l?
5, 14153
Suppose -3*b - 26*y + 25124 = -24*y, -b = 5*y - 8366. What are the prime factors of b?
2, 3, 349
Let t(g) be the third derivative of -21*g**4/8 - 13*g**3/3 - 129*g**2. What are the prime factors of t(-7)?
5, 83
Suppose 5*x - 15 = -125. Let z = x - -573. Suppose 5*m - z = 539. What are the prime factors of m?
2, 109
Let j be ((-6)/(-5))/((-44)/(-110)). Suppose 560 = -j*h - 127. Let v = -138 - h. What are the prime factors of v?
7, 13
Suppose 21 + 27 = -8*q. Let r = q - -361. List the prime factors of r.
5, 71
Suppose 0*i - 2*i + m = -14, 0 = i + 3*m + 7. Suppose -i*g - 2*g = -1015. List the prime factors of g.
5, 29
Suppose -3*t - 4*i = -23, -34*t - 2*i + 5 = -33*t. Suppose -1784 = -t*h - 159. List the prime factors of h.
5
Suppose 5*n - 12 = 2*q, 22 + 8 = -5*q - 5*n. Let y be ((-2)/(-1) - -64)/(q/(-6)). Suppose g + 4*c - 83 = 0, -4*g + 246 = -4*c - y. List the prime factors of g.
79
Suppose -i - 12 = -4*i - 3*o, -4*i + 5*o = 2. Let d(a) = 4489*a**3 - 2244*a**3 - 2246*a**3 - 3*a + 5*a**2. What are the prime factors of d(i)?
2, 3
Suppose -6*q + 32 = -q - x, -3*q + 28 = -5*x. Let m be -3*(-2 + 3) + q. Suppose -4*l + 1813 = m*l. What are the prime factors of l?
7, 37
Suppose -3809 = 7*j - 11636 - 6229. List the prime factors of j.
2, 251
Suppose 25 = 5*t - 5. Let w(q) = -21*q**3 + 22*q**3 - 3*q + 9*q**2 - t*q - 4. List the prime factors of w(-9).
7, 11
Suppose 0 = 60*m - 2276773 - 665627. What are the prime factors of m?
2, 5, 613
Let g(k) = -k**2 - 2. Let s be g(4). Let c be 6/(((-2)/3)/(78/s)). Suppose -c*j + 142 = -37*j. List the prime factors of j.
71
Suppose 19 = 2*n - s, -5*n - 5*s + 7 = -18. Let u be 1/(-2)*(1 + -1)/n. Suppose u = 4*r + 22 - 890. List the prime factors of r.
7, 31
Let j be 4 - 2 - (-2 + -4)*234. Suppose -3*s - g + 1412 = 0, -6*s + 2*g + j = -3*s. What are the prime factors of s?
2, 5, 47
Suppose -w = -0*w - 5, -3*b = -4*w + 20. Suppose b = 26*f - 24*f - 14. Suppose -f*c + 453 = -275. What are the prime factors of c?
2, 13
Suppose 14*b - 53*b = -15873. Suppose 408*j = b*j + 1614. List the prime factors of j.
2, 3, 269
Let n(b) be the third derivative of b**6/180 + 13*b**5/120 - 17*b**3/6 - 4*b**2. Let a(t) be the first derivative of n(t). What are the prime factors of a(-7)?
7
Let r be 11/(-55) + -2 + 18/15. List the prime factors of -6*(-14)/42 - 47*r.
7
Suppose -6*z = -z + 50. Let u be 8/z + (-2376)/(-45). Suppose -47 = -w - 4*m, u = 2*w + 5*m - 54. List the prime factors of w.
3, 7
Let q(u) = 543*u + 9. Let r be q(1). What are the prime factors of (3 + 27/(-12))*r?
2, 3, 23
Let g be (-12726)/14 - (2/(-2) + 2). Let f = -297 - g. What are the prime factors of f?
613
Let v = 9819 - 2224. List the prime factors of v.
5, 7, 31
Suppose 22*h + 373 = -155. List the prime factors of (156/h)/(2/(-108)).
3, 13
Let z be (-2 + (8 - 2))/((-1)/116). Let r = z + 874. List the prime factors of r.
2, 5, 41
Suppose 0*p + 3*f - 255 = -2*p, 4*p - 499 = 5*f. Suppose 315 = 5*w + 3*d - 6*d, -2*w + p = 3*d. List the prime factors of w.
3, 7
Suppose 0 = -288*y + 805*y - 2521918 - 1132755. List the prime factors of y.
7069
Let c = 92 - 90. Suppose 4*j = c*p + 1154, -5*j - p = -5*p - 1441. What are the prime factors of j?
17
Let z(k) = k**3 + 12*k**2 + 4*k - 5. Let r(n) = -n**3 - 11*n**2 - 3*n + 5. Let w(b) = -3*r(b) - 2*z(b). List the prime factors of w(-4).
71
Let k(w) = 81*w**2 + 38*w - 189. List the prime factors of k(12).
3, 41, 97
Let n(v) be the third derivative of 0*v - 5/3*v**3 + 19*v**2 - 1/4*v**4 + 0 + 1/30*v**5. What are the prime factors of n(-3)?
2, 13
Let l = -637 + 1532. List the prime factors of ((-1785)/425)/((-3)/l).
7, 179
Let w(k) = -39*k**2 + 119*k**3 + 26 - 118*k**3 + 15*k**2. List the prime factors of w(24).
2, 13
Suppose y = -0*y + 2*s + 7663, -3*y + 3*s = -23007. List the prime factors of y.
5, 307
List the prime factors of (-3 - 378176/(-40)) + 24/(-60).
13, 727
Suppose -4*y + 3*y = 247. Suppose 8*w = 54*w + 6072. Let q = w - y. List the prime factors of q.
5, 23
Suppose r - 3*w = -106, 0*w + 10 = -5*w. Let t = -100 - r. Suppose b - t - 3 = 0. What are the prime factors of b?
3, 5
Let c = -534 - -536. What are the prime factors of (0/8 + c)*292?
2, 73
Let v be 164/(-14) + (-2)/7. Let h(g) = g**3 - 42*g**2 + 3*g - 133. Let f be h(42). What are the prime factors of (-416)/f - v/21?
2, 3, 5
Let u be ((-3)/15)/(1/(-2))*5. Let y = u - -83. What are the prime factors of y?
5, 17
Let n = 11 + -619. Let g be 3/(81/6) + n/(-18). Suppose -g = -4*z + 34. What are the prime factors of z?
17
Let o = -31 - -31. Let s(i) = -2*i - 2. Let x be s(o). What are the prime factors of (700/(-30))/(x/6)?
2, 5, 7
Suppose 5*d - 3*g - 182015 = 0, 90*d = 86*d + 5*g + 145625. List the prime factors of d.
2, 5, 7, 13
Suppose 4*i = -x - 23 + 15, -4*i - 4 = 0. List the prime factors of (-2748)/(-